16 is divided by 40.
36
What is the remainder when 354985 is divided by 153?
25
What is the remainder when 507923 is divided by 466?
449
Calculate the remainder when 609099 is divided by 233.
37
What is the remainder when 948314 is divided by 184?
162
Calculate the remainder when 9646017 is divided by 187.
183
What is the remainder when 8180869 is divided by 127?
37
Calculate the remainder when 79853 is divided by 15966.
23
Calculate the remainder when 4461233 is divided by 3461.
4
Calculate the remainder when 688377 is divided by 70.
67
Calculate the remainder when 9358712 is divided by 879.
878
What is the remainder when 188853246 is divided by 2752?
2750
What is the remainder when 2925364 is divided by 14?
8
Calculate the remainder when 32530959 is divided by 280.
279
Calculate the remainder when 13096099 is divided by 2619179.
204
Calculate the remainder when 14708332 is divided by 7998.
10
What is the remainder when 42897459 is divided by 585?
579
Calculate the remainder when 1098622 is divided by 12774.
58
What is the remainder when 27230 is divided by 1868?
1078
Calculate the remainder when 147858042 is divided by 11123.
3
What is the remainder when 55147063 is divided by 482?
479
What is the remainder when 84792 is divided by 3843?
246
Calculate the remainder when 9294906 is divided by 57.
30
Calculate the remainder when 453009168 is divided by 5852.
5848
What is the remainder when 122658 is divided by 1680?
18
Calculate the remainder when 838829 is divided by 143.
134
What is the remainder when 161692007 is divided by 8?
7
What is the remainder when 130162 is divided by 43379?
25
What is the remainder when 1603897 is divided by 200480?
57
Calculate the remainder when 1243766 is divided by 33.
29
What is the remainder when 863989 is divided by 364?
217
What is the remainder when 9208999 is divided by 141?
7
What is the remainder when 64678 is divided by 10751?
172
Calculate the remainder when 5638783 is divided by 225549.
58
What is the remainder when 871905976 is divided by 214?
212
What is the remainder when 45472 is divided by 1877?
424
What is the remainder when 1786337 is divided by 157?
148
What is the remainder when 3073662 is divided by 2964?
2958
Calculate the remainder when 11351135 is divided by 2238.
2237
What is the remainder when 360574 is divided by 51241?
1887
Calculate the remainder when 107045 is divided by 2100.
2045
Calculate the remainder when 166951 is divided by 12835.
96
Calculate the remainder when 32733 is divided by 15398.
1937
What is the remainder when 51765249 is divided by 10?
9
What is the remainder when 830240 is divided by 1230?
1220
What is the remainder when 1907422 is divided by 635633?
523
What is the remainder when 22293 is divided by 5396?
709
Calculate the remainder when 36555661 is divided by 181.
177
Calculate the remainder when 3592246 is divided by 1796122.
2
What is the remainder when 767722 is divided by 749?
746
What is the remainder when 10093 is divided by 5044?
5
What is the remainder when 346526 is divided by 11540?
326
What is the remainder when 118231 is divided by 118194?
37
What is the remainder when 67188822 is divided by 495?
492
Calculate the remainder when 217295 is divided by 684.
467
What is the remainder when 1225576 is divided by 4539?
46
What is the remainder when 258837 is divided by 129413?
11
Calculate the remainder when 1587433 is divided by 122109.
16
Calculate the remainder when 481227 is divided by 418.
109
What is the remainder when 299094 is divided by 730?
524
What is the remainder when 355956273 is divided by 156?
153
Calculate the remainder when 7516059 is divided by 142.
141
What is the remainder when 39681 is divided by 5167?
3512
Calculate the remainder when 16562161 is divided by 719.
715
What is the remainder when 10867336 is divided by 991?
30
Calculate the remainder when 4830 is divided by 3288.
1542
What is the remainder when 24772 is divided by 5105?
4352
Calculate the remainder when 57753 is divided by 14391.
189
What is the remainder when 612039 is divided by 200296?
11151
Calculate the remainder when 4003440 is divided by 285960.
0
What is the remainder when 2365122 is divided by 2365109?
13
Calculate the remainder when 13629 is divided by 328.
181
What is the remainder when 446067 is divided by 222464?
1139
Calculate the remainder when 2747452 is divided by 174.
166
Calculate the remainder when 471536 is divided by 4065.
4061
Calculate the remainder when 7934461 is divided by 2644816.
13
Calculate the remainder when 450467 is divided by 7507.
47
Calculate the remainder when 24560 is divided by 1361.
62
Calculate the remainder when 2098255 is divided by 699383.
106
Calculate the remainder when 1436356 is divided by 4406.
0
Calculate the remainder when 349810 is divided by 4214.
48
What is the remainder when 1222536 is divided by 407491?
63
Calculate the remainder when 9274551 is divided by 12317.
12167
What is the remainder when 871279 is divided by 435628?
23
Calculate the remainder when 1183737 is divided by 591843.
51
Calculate the remainder when 12861893 is divided by 1098.
1019
What is the remainder when 21544750 is divided by 186?
184
What is the remainder when 663173 is divided by 22104?
53
Calculate the remainder when 740048 is divided by 319.
287
What is the remainder when 63242 is divided by 9693?
5084
Calculate the remainder when 1143311 is divided by 2305.
31
Calculate the remainder when 810801 is divided by 270249.
54
Calculate the remainder when 19172170 is divided by 117.
82
Calculate the remainder when 1970933 is divided by 22.
19
What is the remainder when 16241 is divided by 7281?
1679
What is the remainder when 5824 is divided by 234?
208
Calculate the remainder when 258220 is divided by 2412.
136
Calculate the remainder when 10727062 is divided by 95777.
38
What is the remainder when 24564645 is divided by 744?
741
What is the remainder when 4324071 is divided by 1584?
1335
What is the remainder when 519688807 is divided by 452?
451
Calculate the remainder when 3427159 is divided by 942.
163
What is the remainder when 1822608 is divided by 5469?
1431
Calculate the remainder when 905624 is divided by 60374.
14
Calculate the remainder when 6859372 is divided by 15805.
2
Calculate the remainder when 956369 is divided by 15.
14
What is the remainder when 13402881 is divided by 1218439?
52
Calculate the remainder when 13088827 is divided by 12.
7
What is the remainder when 28412477 is divided by 10?
7
Calculate the remainder when 2897637 is divided by 24.
21
Calculate the remainder when 142290 is divided by 3437.
1373
Calculate the remainder when 122296 is divided by 1870.
746
What is the remainder when 2014717 is divided by 66?
1
Calculate the remainder when 269957 is divided by 24540.
17
Calculate the remainder when 84125 is divided by 8359.
535
What is the remainder when 4471139 is divided by 86?
85
Calculate the remainder when 1106087 is divided by 552891.
305
What is the remainder when 66540 is divided by 13299?
45
What is the remainder when 27246545 is divided by 89?
85
What is the remainder when 397765 is divided by 132471?
352
What is the remainder when 32226 is divided by 5234?
822
Calculate the remainder when 4041 is divided by 1450.
1141
What is the remainder when 4336 is divided by 941?
572
What is the remainder when 13732325 is divided by 236764?
13
Calculate the remainder when 1176347 is divided by 357.
32
Calculate the remainder when 849303 is divided by 283095.
18
Calculate the remainder when 4003413462 is divided by 69.
66
What is the remainder when 69717 is divided by 3879?
3774
What is the remainder when 121355 is divided by 1319?
7
What is the remainder when 1167591 is divided by 113?
75
Calculate the remainder when 39578 is divided by 7826.
448
What is the remainder when 4443894 is divided by 100?
94
What is the remainder when 147248015 is divided by 6324?
6323
What is the remainder when 42173107 is divided by 70?
67
Calculate the remainder when 28372 is divided by 9409.
145
What is the remainder when 619219825 is divided by 206406608?
1
What is the remainder when 1626454 is divided by 75?
4
Calculate the remainder when 903670 is divided by 81874.
3056
What is the remainder when 1172350 is divided by 195384?